{"id":132,"date":"2016-09-05T10:59:21","date_gmt":"2016-09-05T08:59:21","guid":{"rendered":"http:\/\/blog.cfpco.fr\/?page_id=132"},"modified":"2016-09-28T18:21:59","modified_gmt":"2016-09-28T16:21:59","slug":"le-cfpco","status":"publish","type":"page","link":"https:\/\/blog.cfpco.fr\/index.php\/le-cfpco\/","title":{"rendered":"Le CFPCO"},"content":{"rendered":"<div>\n<p>Le <strong>CFPCO, Centre de Formation Professionnelle Continue en Ost\u00e9opathie et th\u00e9rapies manuelles<\/strong>\u00a0, a pour vocation <strong>la formation continue et l\u2019accompagnement professionnel des ost\u00e9opathes depuis 8 ans.<\/strong><\/p>\n<p><a href=\"https:\/\/www.cfpco.fr\/Workshop\" target=\"_blank\">Notre programme\u00a0de formations post-gradu\u00e9es en\u00a0ost\u00e9opathie<\/a>\u00a0couvre tous les secteurs de l&rsquo;ost\u00e9opathie : ost\u00e9opathie structurelle, ost\u00e9opathie visc\u00e9rale, ost\u00e9opathie cr\u00e2nienne, ost\u00e9opathie p\u00e9rinatale et p\u00e9diatrique, s\u00e9miologie, approche de la douleur dont ce blog fait l&rsquo;objet, ainsi que des pratiques issues d\u2019autres disciplines compl\u00e9mentaires telles que communication, marketing, acupuncture&#8230;<\/p>\n<p>Nos formation ont lieu \u00e0 Paris\u00a0, Toulon, Toulouse, la R\u00e9union, en Guadeloupe, Martinique, Nouvelle Cal\u00e9donie, et sont ainsi l&rsquo;occasion de rencontrer vos pairs, d&rsquo;\u00e9changer et de partager !<\/p>\n<p>&nbsp;<\/p>\n<p>Au plaisir de vous accueillir dans notre centre et de partager nos connaissances sur ce blog,<\/p>\n<p><em><a href=\"https:\/\/www.cfpco.fr\/workshop\/teacher\/50\/mathieu-schlachet\" target=\"_blank\">Mathieu Schlachet<\/a><br \/>\n<\/em><em>Directeur du CFPCO<\/em><\/p>\n<\/div>\n<p><!--more--><\/p>\n","protected":false},"excerpt":{"rendered":"<p>Le CFPCO, Centre de Formation Professionnelle Continue en Ost\u00e9opathie et th\u00e9rapies manuelles\u00a0, a pour vocation la formation continue et l\u2019accompagnement professionnel des ost\u00e9opathes depuis 8 ans. Notre programme\u00a0de formations post-gradu\u00e9es en\u00a0ost\u00e9opathie\u00a0couvre tous les secteurs de l&rsquo;ost\u00e9opathie : ost\u00e9opathie structurelle, ost\u00e9opathie visc\u00e9rale, ost\u00e9opathie cr\u00e2nienne, ost\u00e9opathie p\u00e9rinatale et p\u00e9diatrique, s\u00e9miologie, approche de la douleur dont ce blog [&hellip;]<\/p>\n","protected":false},"author":1,"featured_media":0,"parent":0,"menu_order":0,"comment_status":"closed","ping_status":"closed","template":"","meta":[],"_links":{"self":[{"href":"https:\/\/blog.cfpco.fr\/index.php\/wp-json\/wp\/v2\/pages\/132"}],"collection":[{"href":"https:\/\/blog.cfpco.fr\/index.php\/wp-json\/wp\/v2\/pages"}],"about":[{"href":"https:\/\/blog.cfpco.fr\/index.php\/wp-json\/wp\/v2\/types\/page"}],"author":[{"embeddable":true,"href":"https:\/\/blog.cfpco.fr\/index.php\/wp-json\/wp\/v2\/users\/1"}],"replies":[{"embeddable":true,"href":"https:\/\/blog.cfpco.fr\/index.php\/wp-json\/wp\/v2\/comments?post=132"}],"version-history":[{"count":15,"href":"https:\/\/blog.cfpco.fr\/index.php\/wp-json\/wp\/v2\/pages\/132\/revisions"}],"predecessor-version":[{"id":292,"href":"https:\/\/blog.cfpco.fr\/index.php\/wp-json\/wp\/v2\/pages\/132\/revisions\/292"}],"wp:attachment":[{"href":"https:\/\/blog.cfpco.fr\/index.php\/wp-json\/wp\/v2\/media?parent=132"}],"curies":[{"name":"wp","href":"https:\/\/api.w.org\/{rel}","templated":true}]}}