{"id":26,"date":"2016-08-28T13:33:41","date_gmt":"2016-08-28T11:33:41","guid":{"rendered":"http:\/\/blog.cfpco.fr\/?page_id=26"},"modified":"2016-09-16T16:23:19","modified_gmt":"2016-09-16T14:23:19","slug":"notre-philosophie","status":"publish","type":"page","link":"https:\/\/blog.cfpco.fr\/index.php\/notre-philosophie\/","title":{"rendered":"Notre philosophie"},"content":{"rendered":"<p style=\"text-align: left;\">Bienvenue au d\u00e9partement douleur du CFPCO, Centre de Formation Professionnelle Continue en Ost\u00e9opathie et th\u00e9rapies manuelles,<\/p>\n<p style=\"text-align: left;\">Cette partie est d\u00e9di\u00e9e \u00e0 la prise en charge de la douleur en th\u00e9rapie manuelle et \u00e0 l\u2019actualisation des connaissances sur le sujet.<\/p>\n<p style=\"text-align: left;\">En tant que praticiens, nos emplois du temps sont difficilement adaptables \u00e0 une mise \u00e0 jour de nos connaissances. Apr\u00e8s de nombreuses discussions avec certains d\u2019entre vous, certaines probl\u00e9matiques ressurgissent fr\u00e9quemment.<\/p>\n<p style=\"text-align: left;\"><strong>Comment me tenir \u00e0 jour\u00a0?<br \/>\n<\/strong>Vous pouvez vous tenir inform\u00e9 en lisant des articles ou le r\u00e9sum\u00e9 d\u2019articles disponibles sur les bases de donn\u00e9es.<\/p>\n<p style=\"text-align: left;\">Pour cela il faut comprendre l\u2019anglais, savoir quelles revues sont de qualit\u00e9 et enfin pouvoir y avoir acc\u00e8s !<\/p>\n<blockquote>\n<p style=\"text-align: left;\"><strong>Gr\u00e2ce au d\u00e9partement douleur, vous trouverez sur ce site les bases de donn\u00e9es et les journaux que nous fr\u00e9quentons, ou auxquels nous sommes abonn\u00e9s, afin de vous faire des synth\u00e8ses.\u00a0<\/strong><\/p>\n<\/blockquote>\n<p style=\"text-align: left;\">Ces synth\u00e8ses seront le fruit de notre travail, aliment\u00e9es par nos choix de s\u00e9lection, <span style=\"text-decoration: underline;\"><em><strong>ce qui est un biais en soit.<\/strong><\/em><\/span><\/p>\n<p style=\"text-align: left;\">Nous vous laisserons donc les r\u00e9f\u00e9rences disponibles afin que vous vous fassiez votre propre opinion.<\/p>\n<blockquote>\n<p style=\"text-align: left;\"><strong>Ces synth\u00e8ses se feront sous plusieurs formes\u00a0:<\/strong><\/p>\n<\/blockquote>\n<ul style=\"text-align: left;\">\n<li><strong>Sous forme de posts<\/strong>\u00a0, qui seront souvent\u00a0:<strong><br \/>\n<\/strong>&#8211;<strong> soit le r\u00e9sum\u00e9 comment\u00e9 et agr\u00e9ment\u00e9 d\u2019autres sources<\/strong>,\u00a0 de blogs anglophones tenus par des experts dans leur champ de comp\u00e9tence (<a href=\"http:\/\/pain-ed.com\" target=\"_blank\">pain-ed.com<\/a>,\u00a0<a href=\"http:\/\/bodyinmind.org\" target=\"_blank\">bodyinmind.org<\/a>,\u00a0<a href=\"http:\/\/greglehman.ca\" target=\"_blank\">greglehman.ca<\/a>,\u00a0<a href=\"http:\/\/bettermovement.org\">bettermovement.org<\/a>,\u00a0<a href=\"http:\/\/noigroup.com\" target=\"_blank\">noigroup.com<\/a>,\u00a0<a href=\"http:\/\/latrobe.libguides.com\" target=\"_blank\">latrobe.libguides.com<\/a>\u2026)<br \/>\n&#8211; <strong>soit le r\u00e9sum\u00e9 d\u2019articles qui touchent directement notre pratique<\/strong> en rapport avec l\u2019anatomie, la physiologie<\/li>\n<li><strong>Sous forme de vid\u00e9os<\/strong>, qui\u00a0seront plus \u00e0 destin\u00e9e \u00e0 de la pratique quotidienne :<br \/>\n&#8211; soit comme outil support\u00a0 d\u2019information du praticien et du patient et dans ce cas elles seront s\u00e9lectionn\u00e9es de vid\u00e9os d\u00e9j\u00e0 existantes fournies par des experts ayant d\u00e9j\u00e0 fait le travail;<br \/>\n&#8211; soit nous construirons ces vid\u00e9os pratiques cliniques (g\u00e9n\u00e9ralement soutenues par une revue de litt\u00e9rature) qui d\u00e9montrent quels sont les tests ou les d\u00e9marches cliniques les plus fiables et les plus \u00e0 jour en fonctions de motifs de consultation (exemple : il est d\u00e9crit plus de 130 tests cliniques sur l\u2019\u00e9paule douloureuse, sont-ils tous n\u00e9cessaires ? et lesquels choisir\u00a0?)<\/li>\n<\/ul>\n<blockquote>\n<p style=\"text-align: left;\"><strong>Ce site est interactif et en mouvement , vos commentaires et vos apports seront \u00e9videmment les bienvenus. Nous ne sommes pas experts en tout et nous seront ravis de compter sur votre collaboration si vous avez un domaine d\u2019expertise particulier !<\/strong><\/p>\n<\/blockquote>\n<p style=\"text-align: left;\"><em>L&rsquo;\u00e9quipe du CFPCO,<br \/>\n<a href=\"http:\/\/www.cfpco.fr\/workshop\/teacher\/89\/laurent-fabre\" target=\"_blank\">Laurent Fabre<\/a><br \/>\n<a href=\"http:\/\/www.cfpco.fr\/workshop\/teacher\/50\/mathieu-schlachet\" target=\"_blank\">Mathieu Schlachet<\/a><br \/>\nSimon Lemaire<\/em><\/p>\n","protected":false},"excerpt":{"rendered":"<p>Bienvenue au d\u00e9partement douleur du CFPCO, Centre de Formation Professionnelle Continue en Ost\u00e9opathie et th\u00e9rapies manuelles, Cette partie est d\u00e9di\u00e9e \u00e0 la prise en charge de la douleur en th\u00e9rapie manuelle et \u00e0 l\u2019actualisation des connaissances sur le sujet. En tant que praticiens, nos emplois du temps sont difficilement adaptables \u00e0 une mise \u00e0 jour [&hellip;]<\/p>\n","protected":false},"author":1,"featured_media":0,"parent":0,"menu_order":0,"comment_status":"closed","ping_status":"closed","template":"","meta":[],"_links":{"self":[{"href":"https:\/\/blog.cfpco.fr\/index.php\/wp-json\/wp\/v2\/pages\/26"}],"collection":[{"href":"https:\/\/blog.cfpco.fr\/index.php\/wp-json\/wp\/v2\/pages"}],"about":[{"href":"https:\/\/blog.cfpco.fr\/index.php\/wp-json\/wp\/v2\/types\/page"}],"author":[{"embeddable":true,"href":"https:\/\/blog.cfpco.fr\/index.php\/wp-json\/wp\/v2\/users\/1"}],"replies":[{"embeddable":true,"href":"https:\/\/blog.cfpco.fr\/index.php\/wp-json\/wp\/v2\/comments?post=26"}],"version-history":[{"count":17,"href":"https:\/\/blog.cfpco.fr\/index.php\/wp-json\/wp\/v2\/pages\/26\/revisions"}],"predecessor-version":[{"id":281,"href":"https:\/\/blog.cfpco.fr\/index.php\/wp-json\/wp\/v2\/pages\/26\/revisions\/281"}],"wp:attachment":[{"href":"https:\/\/blog.cfpco.fr\/index.php\/wp-json\/wp\/v2\/media?parent=26"}],"curies":[{"name":"wp","href":"https:\/\/api.w.org\/{rel}","templated":true}]}}